atest common divisor of 1950815 and 11615?
505
Calculate the greatest common factor of 67480 and 100072.
56
Calculate the highest common divisor of 39816 and 2760102.
1422
Calculate the highest common factor of 5051654 and 470.
94
Calculate the highest common divisor of 34086 and 1978782.
1794
Calculate the greatest common divisor of 934 and 33466154.
934
Calculate the highest common divisor of 4838969 and 29.
29
What is the highest common divisor of 1460732 and 2548?
364
What is the greatest common divisor of 32708 and 46852?
884
Calculate the greatest common factor of 254 and 634146.
2
What is the highest common divisor of 1442 and 9864001?
721
What is the highest common factor of 897875 and 31625?
1375
What is the greatest common divisor of 9118 and 1002?
2
What is the greatest common factor of 168 and 2272920?
24
Calculate the highest common factor of 4074 and 23775234.
42
What is the highest common divisor of 12066 and 89437214?
4022
What is the highest common divisor of 19112135 and 17395?
2485
What is the highest common factor of 560640 and 4147860?
4380
Calculate the highest common divisor of 33 and 2431715.
11
What is the greatest common factor of 17744817 and 681?
681
Calculate the highest common factor of 263705244 and 14712.
7356
What is the highest common factor of 374 and 29908848?
34
What is the highest common factor of 113490 and 38122552?
2522
Calculate the highest common factor of 1944 and 21172752.
648
Calculate the highest common factor of 471609 and 4.
1
Calculate the highest common divisor of 3598 and 935269517.
1799
Calculate the highest common factor of 4 and 717855960.
4
Calculate the highest common factor of 281303 and 349569.
1177
What is the highest common factor of 159040 and 337392?
1136
Calculate the greatest common divisor of 88600 and 190933.
443
What is the highest common divisor of 122904 and 39744?
216
What is the highest common factor of 1659178080 and 14?
14
Calculate the greatest common factor of 25824 and 573744.
48
Calculate the highest common divisor of 37064924 and 86385.
5759
What is the greatest common factor of 4522479 and 78?
39
What is the greatest common factor of 551917 and 1?
1
Calculate the greatest common divisor of 27255 and 4864155.
345
Calculate the greatest common divisor of 63 and 28424417.
7
Calculate the highest common divisor of 10675 and 3161020.
305
What is the greatest common factor of 171834313 and 77?
7
Calculate the greatest common divisor of 46 and 42136874.
46
Calculate the highest common divisor of 2202 and 83874914.
734
Calculate the greatest common divisor of 4934027385 and 63.
63
What is the greatest common divisor of 1110548 and 4?
4
Calculate the greatest common factor of 4997568 and 4944.
48
Calculate the greatest common divisor of 258 and 422002.
86
Calculate the highest common divisor of 9 and 21172113.
9
Calculate the highest common factor of 9818470 and 1035.
115
Calculate the greatest common factor of 49387 and 7184957.
1703
Calculate the greatest common divisor of 1848 and 1736616.
168
What is the highest common factor of 100848871 and 1199?
109
Calculate the greatest common divisor of 117519 and 143027.
911
What is the highest common factor of 54300687 and 984?
123
What is the highest common divisor of 14405932 and 1832?
916
What is the greatest common factor of 7 and 5636463?
7
What is the highest common factor of 27445063 and 627?
19
What is the highest common divisor of 676 and 77948?
52
What is the highest common factor of 9992296 and 152?
8
Calculate the greatest common factor of 119772499 and 2387.
2387
What is the highest common factor of 1352 and 87787050?
338
What is the highest common factor of 9882 and 578772?
54
Calculate the highest common divisor of 2542 and 1192756.
62
Calculate the highest common factor of 9648652 and 6604.
52
Calculate the highest common factor of 1218 and 265089522.
174
What is the highest common factor of 15187179 and 2337?
123
What is the greatest common divisor of 279314 and 60111520?
3934
Calculate the highest common divisor of 512 and 6869780.
4
What is the greatest common divisor of 731940 and 26400?
660
What is the greatest common factor of 994 and 1279562?
142
Calculate the highest common factor of 4994850 and 168.
42
Calculate the highest common divisor of 3385980 and 570.
30
What is the greatest common factor of 157820 and 1192148?
2428
Calculate the greatest common divisor of 145068 and 1351.
7
Calculate the greatest common factor of 40 and 78199360.
40
What is the highest common factor of 575126 and 3975506?
4198
What is the highest common divisor of 3 and 123410103?
3
Calculate the highest common divisor of 4488 and 110358237.
561
What is the highest common factor of 242 and 529867228?
242
Calculate the highest common divisor of 23046 and 672342.
1002
What is the greatest common divisor of 9688 and 58664?
8
What is the highest common factor of 1862 and 16209102?
98
Calculate the highest common divisor of 527980 and 1480.
20
What is the highest common factor of 81310 and 17390?
470
What is the highest common factor of 225 and 1178725?
25
What is the highest common factor of 21202974 and 153361?
3263
Calculate the greatest common divisor of 33115 and 149665.
185
What is the highest common divisor of 448056 and 53721?
1143
Calculate the highest common factor of 22248264 and 669.
669
What is the greatest common divisor of 7920 and 1094928?
48
Calculate the highest common divisor of 497 and 145368169.
71
Calculate the greatest common factor of 12 and 10422218.
2
What is the greatest common factor of 122344 and 108543?
373
Calculate the greatest common divisor of 55 and 97640.
5
What is the highest common divisor of 1779104 and 6400?
32
Calculate the greatest common divisor of 67176430 and 50.
10
What is the highest common divisor of 30925 and 11549869?
1237
Calculate the greatest common factor of 728 and 35572056.
104
Calculate the greatest common factor of 55212 and 135099163.
4601
Calculate the greatest common divisor of 44 and 32173262.
22
Calculate the greatest common factor of 25 and 312743.
1
Calculate the greatest common factor of 32874109 and 137.
137
What is the greatest common divisor of 16155292 and 2576?
92
What is the greatest common factor of 818791 and 678248?
569
Calculate the highest common divisor of 585 and 10725195.
195
What is the highest common factor of 264 and 17867256?
264
What is the greatest common factor of 336591218 and 12472?
3118
What is the greatest common factor of 33 and 402774889?
11
What is the highest common divisor of 83614077 and 396?
9
Calculate the greatest common divisor of 22723924 and 52.
4
Calculate the greatest common factor of 2440 and 73505.
305
What is the highest common divisor of 1740 and 1103189?
29
Calculate the greatest common divisor of 89222936 and 4488.
1496
Calculate the highest common divisor of 238495 and 455.
5
What is the greatest common divisor of 237 and 361002903?
237
What is the highest common factor of 19 and 40324232?
19
What is the highest common divisor of 38 and 7162031?
19
Calculate the highest common factor of 2216409790 and 434.
434
What is the highest common divisor of 1256240 and 1990960?
3280
Calculate the highest common factor of 549 and 54742437.
549
What is the greatest common divisor of 3027664 and 1808?
16
What is the greatest common factor of 1274 and 995778?
98
What is the highest common factor of 15437 and 54911?
43
What is the greatest common divisor of 22432634 and 10632?
886
Calculate the greatest common factor of 884 and 421396.
68
Calculate the greatest common factor of 143216934 and 105.
21
What is the highest common factor of 1513648 and 66992?
16
What is the greatest common factor of 358996 and 112750?
902
What is the greatest common factor of 14759615 and 6175?
65
What is the highest common factor of 88500 and 839688?
708
Calculate the greatest common factor of 22 and 48906660.
22
Calculate the highest common divisor of 1488 and 683550.
186
Calculate the greatest common divisor of 35889161 and 22428.
623
What is the highest common divisor of 517 and 14920902?
47
Calculate the highest common divisor of 10 and 12267152.
2
What is the greatest common factor of 694695 and 60?
15
What is the greatest common factor of 4039 and 1